{"id":2,"date":"2023-05-02T15:23:08","date_gmt":"2023-05-02T13:23:08","guid":{"rendered":"http:\/\/news.juvenics.de\/?page_id=2"},"modified":"2025-05-09T14:37:14","modified_gmt":"2025-05-09T12:37:14","slug":"beispiel-seite","status":"publish","type":"page","link":"https:\/\/news.juvenics.de\/?page_id=2","title":{"rendered":"Alles \u00fcber jedes Lebensjahr"},"content":{"rendered":"\n<p><strong>T\u00e4glich erreichen Juvenics neue W\u00fcnsche f\u00fcr diese Webseite. Vielleicht fehlt im Moment auch die Juvenics-Beschreibung f\u00fcr dein aktuelles Lebensjahr? Wir sind bem\u00fcht, die Altersl\u00fccken zu schlie\u00dfen. Unser Ziel ist, f\u00fcr jedes Lebensalter eine, zwei oder drei Juvenic-Beschreibung(en) zu publizieren. Schaut auch auf unserem <a href=\"https:\/\/www.youtube.com\/@VoRoJungBleiben\">YouTube-Kanal <\/a>nach. Vielleicht findest du dort ein entsprechendes Erkl\u00e4r-Video zu dem von dir gew\u00fcnschen Lebensalter.<\/strong><\/p>\n\n\n\n<p><strong>Sende deinen Wunsch an: be90z1zla@mozmail.com<\/strong><\/p>\n\n\n\n<div class=\"wp-block-buttons is-layout-flex wp-block-buttons-is-layout-flex\">\n<div class=\"wp-block-button\"><a class=\"wp-block-button__link wp-element-button\" href=\"https:\/\/news.juvenics.de\/\">Artikelsammlung<\/a><\/div>\n<\/div>\n","protected":false},"excerpt":{"rendered":"<p>T\u00e4glich erreichen Juvenics neue W\u00fcnsche f\u00fcr diese Webseite. Vielleicht fehlt im Moment auch die Juvenics-Beschreibung f\u00fcr dein aktuelles Lebensjahr? Wir sind bem\u00fcht, die Altersl\u00fccken zu schlie\u00dfen. Unser Ziel ist, f\u00fcr jedes Lebensalter eine, zwei oder drei Juvenic-Beschreibung(en) zu publizieren. Schaut auch auf unserem YouTube-Kanal nach. Vielleicht findest du dort ein entsprechendes Erkl\u00e4r-Video zu dem von [&hellip;]<\/p>\n","protected":false},"author":1,"featured_media":0,"parent":0,"menu_order":0,"comment_status":"closed","ping_status":"open","template":"","meta":{"footnotes":""},"class_list":["post-2","page","type-page","status-publish","hentry"],"_links":{"self":[{"href":"https:\/\/news.juvenics.de\/index.php?rest_route=\/wp\/v2\/pages\/2","targetHints":{"allow":["GET"]}}],"collection":[{"href":"https:\/\/news.juvenics.de\/index.php?rest_route=\/wp\/v2\/pages"}],"about":[{"href":"https:\/\/news.juvenics.de\/index.php?rest_route=\/wp\/v2\/types\/page"}],"author":[{"embeddable":true,"href":"https:\/\/news.juvenics.de\/index.php?rest_route=\/wp\/v2\/users\/1"}],"replies":[{"embeddable":true,"href":"https:\/\/news.juvenics.de\/index.php?rest_route=%2Fwp%2Fv2%2Fcomments&post=2"}],"version-history":[{"count":14,"href":"https:\/\/news.juvenics.de\/index.php?rest_route=\/wp\/v2\/pages\/2\/revisions"}],"predecessor-version":[{"id":76,"href":"https:\/\/news.juvenics.de\/index.php?rest_route=\/wp\/v2\/pages\/2\/revisions\/76"}],"wp:attachment":[{"href":"https:\/\/news.juvenics.de\/index.php?rest_route=%2Fwp%2Fv2%2Fmedia&parent=2"}],"curies":[{"name":"wp","href":"https:\/\/api.w.org\/{rel}","templated":true}]}}